ulate the remainder when 421191 is divided by 38289.
12
What is the remainder when 924641 is divided by 118?
111
Calculate the remainder when 37003073 is divided by 948796.
29
Calculate the remainder when 1213083 is divided by 6253.
1
Calculate the remainder when 162964 is divided by 162706.
258
What is the remainder when 963021 is divided by 192600?
21
Calculate the remainder when 127476870 is divided by 42492282.
24
What is the remainder when 454794 is divided by 34975?
119
What is the remainder when 67974 is divided by 4107?
2262
What is the remainder when 225518128 is divided by 3217?
3211
What is the remainder when 391837 is divided by 3574?
2271
What is the remainder when 9381618 is divided by 1876295?
143
What is the remainder when 547621 is divided by 65?
61
What is the remainder when 598402 is divided by 18132?
46
Calculate the remainder when 125599 is divided by 173.
1
What is the remainder when 33352709 is divided by 3320?
3309
What is the remainder when 95435 is divided by 95359?
76
What is the remainder when 51510904 is divided by 17170295?
19
What is the remainder when 1853690 is divided by 2062?
2014
Calculate the remainder when 942549 is divided by 66.
3
What is the remainder when 861688 is divided by 123095?
23
Calculate the remainder when 69944372 is divided by 603.
593
Calculate the remainder when 7554193 is divided by 135.
133
What is the remainder when 30961848 is divided by 24?
0
What is the remainder when 48203643 is divided by 3066?
3057
Calculate the remainder when 4045631 is divided by 84.
23
Calculate the remainder when 7142277 is divided by 90.
57
Calculate the remainder when 6060294 is divided by 2020083.
45
Calculate the remainder when 221385917 is divided by 11.
5
What is the remainder when 2352422 is divided by 253?
28
What is the remainder when 13604150 is divided by 971724?
14
Calculate the remainder when 742019615 is divided by 104.
103
Calculate the remainder when 116895 is divided by 1158.
1095
What is the remainder when 610678609 is divided by 9535?
9534
What is the remainder when 2492236 is divided by 4147?
4036
Calculate the remainder when 418032 is divided by 170.
2
What is the remainder when 9879551 is divided by 67668?
23
Calculate the remainder when 212633 is divided by 70742.
407
Calculate the remainder when 152561 is divided by 784.
465
What is the remainder when 42764704 is divided by 55?
4
What is the remainder when 62551549 is divided by 1736?
1733
Calculate the remainder when 21265 is divided by 264.
145
Calculate the remainder when 221182920 is divided by 339.
336
What is the remainder when 142141 is divided by 5723?
4789
Calculate the remainder when 376882 is divided by 1099.
1024
What is the remainder when 286914702 is divided by 5777?
5774
Calculate the remainder when 3102747 is divided by 1868.
1867
What is the remainder when 523267 is divided by 174404?
55
What is the remainder when 77833 is divided by 23586?
7075
Calculate the remainder when 3575 is divided by 177.
35
Calculate the remainder when 683972 is divided by 108.
8
What is the remainder when 3981427 is divided by 29491?
142
Calculate the remainder when 243867 is divided by 9028.
111
What is the remainder when 259381 is divided by 21?
10
What is the remainder when 841497 is divided by 165?
162
What is the remainder when 55818254 is divided by 208?
206
What is the remainder when 660822 is divided by 220258?
48
What is the remainder when 591397935 is divided by 3940?
3935
Calculate the remainder when 22099 is divided by 905.
379
What is the remainder when 6399659 is divided by 29?
26
What is the remainder when 98318176 is divided by 106?
102
What is the remainder when 2819655 is divided by 85?
35
Calculate the remainder when 74042 is divided by 12320.
122
What is the remainder when 48191676 is divided by 365?
361
Calculate the remainder when 7246143 is divided by 233744.
79
What is the remainder when 76355601 is divided by 4836?
4833
Calculate the remainder when 7886536 is divided by 415079.
35
Calculate the remainder when 33463 is divided by 7551.
3259
What is the remainder when 2787118 is divided by 87?
73
What is the remainder when 30878808 is divided by 107?
106
Calculate the remainder when 558762 is divided by 520.
282
Calculate the remainder when 61812 is divided by 60756.
1056
What is the remainder when 1099870 is divided by 155?
145
Calculate the remainder when 138939 is divided by 32.
27
What is the remainder when 55949284 is divided by 31?
19
Calculate the remainder when 1827733 is divided by 1067.
1029
Calculate the remainder when 582640 is divided by 1904.
16
What is the remainder when 17283 is divided by 11249?
6034
What is the remainder when 1888924 is divided by 89945?
79
Calculate the remainder when 971695 is divided by 2085.
85
What is the remainder when 10391144 is divided by 251?
246
What is the remainder when 581966 is divided by 88?
22
What is the remainder when 10722296 is divided by 515?
511
Calculate the remainder when 12909694 is divided by 81.
76
What is the remainder when 1845263939 is divided by 4764?
4763
What is the remainder when 99420048 is divided by 87672?
0
What is the remainder when 88368 is divided by 617?
137
Calculate the remainder when 83560 is divided by 3612.
484
What is the remainder when 8264344 is divided by 186?
178
What is the remainder when 173799817 is divided by 2342?
2339
Calculate the remainder when 453901 is divided by 8247.
316
Calculate the remainder when 659913 is divided by 3235.
3208
Calculate the remainder when 63588 is divided by 884.
824
Calculate the remainder when 2352092 is divided by 926.
52
What is the remainder when 42768490 is divided by 78?
76
Calculate the remainder when 1815650 is divided by 180.
170
Calculate the remainder when 1980438 is divided by 990204.
30
What is the remainder when 1449600 is divided by 10137?
9
Calculate the remainder when 306779604 is divided by 4.
0
Calculate the remainder when 156840265 is divided by 15.
10
Calculate the remainder when 1496644 is divided by 278.
170
Calculate the remainder when 44971091 is divided by 79.
25
What is the remainder when 177322 is divided by 88144?
1034
What is the remainder when 61217 is divided by 20397?
26
Calculate the remainder when 102612 is divided by 11347.
489
What is the remainder when 9790086 is divided by 2024?
2022
What is the remainder when 2677346 is divided by 669279?
230
Calculate the remainder when 1083274 is divided by 1222.
582
Calculate the remainder when 2932684 is divided by 190.
34
Calculate the remainder when 64020 is divided by 29073.
5874
Calculate the remainder when 290772 is divided by 8993.
2996
Calculate the remainder when 292792583 is divided by 609.
608
What is the remainder when 191160 is divided by 87?
21
What is the remainder when 521572 is divided by 404?
8
What is the remainder when 750269 is divided by 375035?
199
Calculate the remainder when 1725894 is divided by 110.
104
Calculate the remainder when 45341873 is divided by 119952.
17
Calculate the remainder when 266048 is divided by 1097.
574
Calculate the remainder when 899220 is divided by 551.
539
What is the remainder when 507335119 is divided by 39?
31
What is the remainder when 17101889 is divided by 1961?
8
What is the remainder when 85117 is divided by 12158?
11
What is the remainder when 243735 is divided by 1486?
31
What is the remainder when 316343 is divided by 52692?
191
What is the remainder when 24972677 is divided by 653?
651
What is the remainder when 115559 is divided by 115442?
117
Calculate the remainder when 438474 is divided by 1218.
1212
What is the remainder when 309677 is divided by 112?
109
Calculate the remainder when 1005883 is divided by 37.
1
Calculate the remainder when 692140 is divided by 1131.
1099
Calculate the remainder when 2630415 is divided by 1315198.
19
What is the remainder when 31501 is divided by 3772?
1325
Calculate the remainder when 13549285 is divided by 163244.
33
Calculate the remainder when 94972289 is divided by 5194.
5193
What is the remainder when 3088366 is divided by 22?
6
What is the remainder when 1321552 is divided by 4376?
0
Calculate the remainder when 181687 is divided by 45.
22
What is the remainder when 533526 is divided by 266423?
680
Calculate the